rs of 4118599?
4118599
What are the prime factors of 1445749?
1445749
List the prime factors of 3048971.
3048971
What are the prime factors of 6988666?
2, 17, 205549
What are the prime factors of 26437184?
2, 413081
List the prime factors of 376626.
2, 3, 41, 1531
What are the prime factors of 424021?
13, 193
What are the prime factors of 5248858?
2, 31, 84659
What are the prime factors of 1454368?
2, 47, 967
List the prime factors of 113802.
2, 3, 13, 1459
List the prime factors of 1411213.
31, 45523
List the prime factors of 42637937.
42637937
List the prime factors of 94483.
94483
List the prime factors of 125281.
13, 23, 419
What are the prime factors of 725346?
2, 3, 59, 683
List the prime factors of 8764198.
2, 179, 24481
List the prime factors of 2828548.
2, 829, 853
List the prime factors of 396475.
5, 15859
What are the prime factors of 975107?
7, 139301
What are the prime factors of 2666057?
29, 149, 617
List the prime factors of 12246973.
12246973
List the prime factors of 3129987.
3, 7, 113, 1319
List the prime factors of 1500841.
701, 2141
List the prime factors of 1662992.
2, 23, 4519
List the prime factors of 5506700.
2, 5, 53, 1039
What are the prime factors of 225178?
2, 112589
What are the prime factors of 4807132?
2, 11, 109253
What are the prime factors of 1426750?
2, 5, 13, 439
What are the prime factors of 2300624?
2, 53, 2713
What are the prime factors of 3256027?
17, 191531
What are the prime factors of 3565406?
2, 13, 137131
What are the prime factors of 4970736?
2, 3, 34519
What are the prime factors of 1536835?
5, 307367
What are the prime factors of 4435577?
4435577
What are the prime factors of 1065001?
7, 353, 431
List the prime factors of 5755385.
5, 19, 47, 1289
List the prime factors of 34002842.
2, 1151, 14771
List the prime factors of 1769244.
2, 3, 61, 2417
What are the prime factors of 556780?
2, 5, 7, 41, 97
List the prime factors of 9771778.
2, 4885889
What are the prime factors of 1090325?
5, 43613
What are the prime factors of 215673?
3, 29, 37, 67
List the prime factors of 253995.
3, 5, 7, 41, 59
What are the prime factors of 4023900?
2, 3, 5, 17, 263
What are the prime factors of 1394?
2, 17, 41
What are the prime factors of 63612?
2, 3, 19, 31
What are the prime factors of 7509?
3, 2503
What are the prime factors of 13753?
17, 809
List the prime factors of 599725.
5, 7, 23, 149
What are the prime factors of 2955185?
5, 751, 787
What are the prime factors of 36749?
36749
What are the prime factors of 570847?
599, 953
What are the prime factors of 669820?
2, 5, 107, 313
What are the prime factors of 265591?
17, 919
List the prime factors of 6162160.
2, 5, 17, 23, 197
List the prime factors of 2145690.
2, 3, 5, 883
List the prime factors of 1896344.
2, 237043
List the prime factors of 26993081.
26993081
List the prime factors of 4875122.
2, 7, 31, 47, 239
List the prime factors of 698214.
2, 3, 11, 71, 149
List the prime factors of 153858.
2, 3, 25643
List the prime factors of 3759507.
3, 139241
List the prime factors of 6302.
2, 23, 137
List the prime factors of 285882.
2, 3, 29, 31, 53
What are the prime factors of 875803?
875803
What are the prime factors of 777848?
2, 97231
List the prime factors of 1313758.
2, 29, 22651
What are the prime factors of 50937?
3, 16979
What are the prime factors of 4924698?
2, 3, 727, 1129
What are the prime factors of 4155023?
31, 134033
List the prime factors of 98462.
2, 7, 13, 541
What are the prime factors of 260822?
2, 130411
What are the prime factors of 385379?
385379
List the prime factors of 29391643.
29391643
List the prime factors of 803085.
3, 5, 37, 1447
List the prime factors of 34956.
2, 3, 971
What are the prime factors of 864417?
3, 467, 617
List the prime factors of 3047512.
2, 13, 29303
List the prime factors of 108175.
5, 4327
What are the prime factors of 63801?
3, 17, 139
List the prime factors of 2294571.
3, 764857
What are the prime factors of 184011?
3, 83, 739
What are the prime factors of 386119?
386119
What are the prime factors of 40405?
5, 8081
List the prime factors of 1571578.
2, 569, 1381
List the prime factors of 605668.
2, 7, 97, 223
List the prime factors of 1931054.
2, 331, 2917
List the prime factors of 213667.
43, 4969
What are the prime factors of 167894?
2, 127, 661
List the prime factors of 13168629.
3, 487727
List the prime factors of 571380.
2, 3, 5, 89, 107
List the prime factors of 1479903.
3, 493301
What are the prime factors of 11035305?
3, 5, 43, 1901
What are the prime factors of 861538?
2, 430769
What are the prime factors of 1202543?
29, 41467
What are the prime factors of 259991?
259991
What are the prime factors of 6585552?
2, 3, 19, 29, 83
List the prime factors of 244346.
2, 122173
What are the prime factors of 11649244?
2, 919, 3169
What are the prime factors of 1349663?
7, 23, 83, 101
List the prime factors of 7425092.
2, 89, 20857
What are the prime factors of 213557?
213557
What are the prime factors of 51337?
11, 13, 359
List the prime factors of 11313865.
5, 809, 2797
What are the prime factors of 125020?
2, 5, 7, 19, 47
List the prime factors of 255657.
3, 31, 2749
What are the prime factors of 382204?
2, 19, 47, 107
What are the prime factors of 3169538?
2, 23, 68903
List the prime factors of 2536575.
3, 5, 31, 1091
What are the prime factors of 1170751?
1170751
What are the prime factors of 13474864?
2, 13, 64783
What are the prime factors of 813155?
5, 7, 3319
List the prime factors of 19666282.
2, 9833141
What are the prime factors of 4020009?
3, 7, 23, 29, 41
List the prime factors of 16047083.
13, 1234391
List the prime factors of 9406411.
7, 29, 46337
List the prime factors of 3059109.
3, 151, 2251
What are the prime factors of 292493?
292493
List the prime factors of 238848.
2, 3, 311
What are the prime factors of 428714?
2, 11, 13, 1499
What are the prime factors of 307324?
2, 76831
List the prime factors of 653394.
2, 3, 7, 47, 331
List the prime factors of 24411368.
2, 59, 51719
What are the prime factors of 11986577?
11986577
List the prime factors of 366072.
2, 3, 7, 2179
What are the prime factors of 180550?
2, 5, 23, 157
What are the prime factors of 882292?
2, 220573
List the prime factors of 3514931.
7, 502133
List the prime factors of 465192.
2, 3, 7, 13, 71
What are the prime factors of 8891389?
13, 31, 22063
What are the prime factors of 303706?
2, 13, 11681
List the prime factors of 400524.
2, 3, 33377
What are the prime factors of 38136263?
11, 3466933
List the prime factors of 157094.
2, 7, 229
What are the prime factors of 223097?
7, 29, 157
What are the prime factors of 86018?
2, 41, 1049
What are the prime factors of 8218633?
17, 43, 11243
List the prime factors of 1020947.
23, 44389
List the prime factors of 319446.
2, 3, 17747
What are the prime factors of 190917?
3, 2357
List the prime factors of 9745599.
3, 127, 25579
What are the prime factors of 5465937?
3, 59, 30881
List the prime factors of 76025.
5, 3041
What are the prime factors of 385374?
2, 3, 11, 5839
List the prime factors of 108609.
3, 41, 883
What are the prime factors of 12145408?
2, 11, 19, 227
What are the prime factors of 2734737?
3, 257, 3547
List the prime factors of 1334497.
61, 131, 167
What are the prime factors of 16840875?
3, 5, 44909
What are the prime factors of 235081?
7, 11, 43, 71
What are the prime factors of 672680?
2, 5, 67, 251
List the prime factors of 160257.
3, 53419
List the prime factors of 6047.
6047
List the prime factors of 2737041.
3, 263, 3469
What are the prime factors of 27090693?
3, 7, 47779
What are the prime factors of 2413392?
2, 3, 137, 367
List the prime factors of 542513.
113, 4801
What are the prime factors of 1039591?
7, 148513
List the prime factors of 2469578.
2, 1234789
What are the prime factors of 9967586?
2, 4983793
List the prime factors of 110141.
83, 1327
What are the prime factors of 167839?
7, 23977
List the prime factors of 11740765.
5, 19, 83, 1489
List the prime factors of 180593.
7, 25799
List the prime factors of 25261800.
2, 3, 5, 71, 593
What are the prime factors of 9779762?
2, 127, 139, 277
List the prime factors of 485911.
17, 101, 283
What are the prime factors of 4016916?
2, 3, 111581
List the prime factors of 732.
2, 3, 61
What are the prime fac